4
Let v(z) = -4*z + 3. Let l be 5*(-1)/(-5 + 0). Let g be (-34)/(-17) + l + -1. Calculate v(g).
-5
Let l(d) = 8*d**2 + 11*d + 12. Let m(y) = -7*y**2 - 10*y - 11. Let b(u) = 6*l(u) + 7*m(u). What is b(-6)?
-17
Let x(r) be the first derivative of 15*r**2/2 - 22. Give x(1).
15
Let i(z) be the first derivative of 4 - 5*z + 0*z**2 - 1/3*z**3. Determine i(0).
-5
Let v(j) be the first derivative of 5*j + 5/3*j**3 - 3/2*j**2 - 1/4*j**4 - 5. Determine v(5).
-10
Let s(t) = 5*t**2 - 2*t + 1. Let d be (-7)/(-2) + (-3)/(-6). Let i be ((-6)/15)/(d/(-10)). Calculate s(i).
4
Let f(w) = -2*w**3 + 5. Let h(t) = -t**3 + t**2 + 1. Let j(b) = f(b) - 3*h(b). Determine j(2).
-2
Let h = -3 - 0. Let w(o) = -o**3 - 5*o**2 - 3*o - 3. What is w(h)?
-12
Suppose -5*n + 2*i = 6, 7*n - 3*n + 6 = 2*i. Let l(a) be the third derivative of -a**4/24 + 2*a**3/3 + 3*a**2. Calculate l(n).
4
Let a = -16 - -20. Let q(w) be the first derivative of 2 + 0*w**2 + 0*w - 1/3*w**3 - 5/4*w**a. What is q(-1)?
4
Suppose s - 2 - 8 = 0. Let w = s - 7. Let c(v) = 1 + w*v**2 - 2*v**2 + v - 2*v. Determine c(0).
1
Let p(q) be the first derivative of q**2 - 2*q + 21. Determine p(6).
10
Let n(a) = a + 4. Let p = -3 - -5. Suppose 2*v = 2, -1 = -p*u + 4*u - v. Determine n(u).
4
Suppose -3*x - 6 = j - 4*j, -j = 2*x - 5. Let u(m) = m**2 + m - 5 + 4 + 2. Let k(b) = -2*b**2 + 3*b - 6. Let f(h) = x*k(h) + 3*u(h). Give f(-5).
-8
Let l(x) be the first derivative of 11*x**2/2 + 2*x - 17. Calculate l(-2).
-20
Let c(s) = s - 2. Let m be -2 - -1*2/(-2). Let l be c(m). Let a(o) = o**2 + 3*o - 7. Calculate a(l).
3
Let x(v) = -2*v + 5. Let s(f) = 5*f + 1 + 4*f - 4*f - 3*f. Let n be -1*(-4)/(-10)*-5. Let w be s(n). What is x(w)?
-5
Let s(u) = 6*u**3 - u**2 + 3*u - 1. Let g(o) = 30*o**3 - 6*o**2 + 16*o - 5. Let t(d) = -2*g(d) + 11*s(d). What is t(1)?
7
Let d(y) = -3*y - 4. Let f be -6 - 1/3*3. Let q(w) = w**3 + 5*w + 7. Let r(b) = f*d(b) - 4*q(b). Give r(1).
-3
Let g(d) = -d - 5. Let r be g(-4). Let w be 2 - (r + (-1)/(-1)). Suppose w*p = -p. Let v(t) = -t**3 - t**2 - t + 4. What is v(p)?
4
Let x(k) = 4*k - 3*k**2 - 2*k + 2*k**2 - 2 - 1. Determine x(3).
-6
Let y(a) = 5*a**3 + a + 1. Let f(w) be the second derivative of 0 - 2*w - 4/3*w**3 + 1/20*w**5 + 7/12*w**4 - 1/2*w**2. Let j be f(-8). What is y(j)?
-5
Let c(f) be the third derivative of f**6/120 + f**5/20 - f**4/6 - 2*f**2. Give c(-4).
0
Let p(w) be the first derivative of -w + 1/2*w**2 - 3/2*w**4 + 0*w**3 - 1. Let o(s) = 2*s + 7. Let g be o(-3). What is p(g)?
-6
Let t(y) = -y**3 + y**2 + 4. Let g be t(0). Let s(l) = -4*l + 6. Give s(g).
-10
Let p = 14 - 17. Let y(t) be the first derivative of t**4/4 + t**3 - 3*t**2/2 - 4*t + 2. What is y(p)?
5
Let c = 21 - 8. Suppose c = -4*n + 1. Let s(h) be the third derivative of h**6/120 + h**5/30 - h**4/6 - h**3/2 + 12*h**2. Give s(n).
0
Let l(t) be the second derivative of t**5/20 + t**4/2 + t**3/6 - t**2 - t. Give l(-6).
-8
Let q(j) = -2*j**2 + 14*j - 1. Let v(u) = -u - 1. Let h(r) = -q(r) - 5*v(r). Determine h(6).
24
Let o be 24/16*8/6. Suppose 3*g + 17 = -5*q, -2*q + o*g + 0*g - 10 = 0. Let p(s) = s**2 + 5*s + 4. Give p(q).
0
Let q(y) = -3*y + 2 + y**2 - 5*y + y. Let l be q(7). Let j = l - 2. Let i(u) = -u**3 + u**2 - 5. What is i(j)?
-5
Let t(b) = b**3 - 4*b**2 - 6*b - 7. Let u(q) = q**2 + q + 1. Let m(v) = t(v) + 5*u(v). Let d be m(0). Let l(z) = z**2 + 4*z + 3. What is l(d)?
-1
Let b(n) = -n**3 - 5*n**2 - n - 7. Let p be b(-5). Let w(l) = -l**2 - 3*l + 1. Let v be w(p). Let k(s) be the first derivative of -s**2 + s + 1. What is k(v)?
-5
Let v(i) = 2 + i**2 - 2*i + 2*i**3 - 3*i**3 - 5*i**2. Let a be v(-3). Let t(q) = 2*q**2 + 16*q - 14*q + 1 - q**2. Determine t(a).
0
Let j(q) = 2*q. Let u(l) = -l. Let r(y) = -2*j(y) - 5*u(y). Let f(x) = -6*x**2 + 1. Let a(s) = f(s) - r(s). Give a(1).
-6
Let j(a) = a**3 - a. Let i(z) = 5*z**3 - z**2 - 6*z + 1. Let k(x) = -i(x) + 6*j(x). Calculate k(-1).
-1
Let f(u) = -4*u**3 - u**2 + u + 1. Let i(z) = -z**2 - 11*z - 1. Let l(t) = -12*t**2 + 1. Let w be l(1). Let p be i(w). Give f(p).
3
Suppose -4*d + 5*d = 2. Let s(c) be the first derivative of c + 1 - 7/4*c**4 + 2/3*c**3 - c**d. What is s(1)?
-6
Let o(f) be the first derivative of -f**4/4 + 4*f**3/3 - 5*f**2/2 + 2*f + 22. Let z(v) = -v - 4. Let a be z(-7). Determine o(a).
-4
Let h = 36 - 38. Let r(l) = 3*l - 1. Calculate r(h).
-7
Suppose 4*i + 12 = -8*i. Let z(w) be the first derivative of -5*w**2 - w - 1. What is z(i)?
9
Let g(c) be the third derivative of c**4/24 - c**3/6 + c**2. Let q be g(2). Let u(z) = 5*z**2 - 10*z**2 + 2*z + 0 - 1. Give u(q).
-4
Let s(h) be the third derivative of 0 + 2/3*h**3 - 1/60*h**5 - 1/24*h**4 + 4*h**2 + 0*h. Give s(0).
4
Let c = 164 + -163. Let o(z) = -5*z - 1. Calculate o(c).
-6
Let f(t) be the second derivative of t**3/6 - 5*t**2/2 - t. Let h = 6 - 6. Let x = 0 + h. Determine f(x).
-5
Let w(n) = 6 - 1 - 4 - 5*n. Calculate w(2).
-9
Let r be (28/(-12) + (2 - 0))*15. Let o(p) = 4*p - 6. Calculate o(r).
-26
Suppose -2*j + 3 = -5*j. Let l be (3 - 2)/(j/2). Let v(i) = i**3 + 3*i - 1. Let r(k) = -6*k**3 + k**2 - 15*k + 4. Let y(q) = l*r(q) - 11*v(q). What is y(2)?
-3
Let s(n) = n**2 - n. Let z(g) = g**3 - 3*g**2 + g + 5. Let h(t) = -2*s(t) - z(t). Calculate h(0).
-5
Let m(h) = 5*h**3 + h**2 - 2*h + 1. Let p = 13 - 12. Determine m(p).
5
Let s(n) = -n**2 + 19*n + 71. Let f be s(22). Let m(u) be the second derivative of -1/12*u**4 - 3*u**2 + u**3 + 0 - 2*u. Determine m(f).
-1
Let r(u) = -19*u**3 + 10*u**3 + 4*u**2 - 3*u**2. Suppose -2 + 1 = -h - i, -4*h + 4 = -2*i. Calculate r(h).
-8
Let j(v) be the third derivative of -v**4/12 + 2*v**3/3 + 50*v**2. Suppose -u + n = -2, 0*u + 5*n - 6 = u. Determine j(u).
-4
Let k = -2 + -2. Let n(s) be the third derivative of 0 + 0*s - 5/6*s**3 - 1/12*s**4 - 9*s**2. Give n(k).
3
Let u = 2 + -2. Let h = u + -2. Let f(w) = w**2 - 2*w - 1. Give f(h).
7
Let z(w) = 3*w - 5. Let s(o) = -1. Let r(l) = -6*s(l) + z(l). Suppose -6 + 0 = 3*n. Determine r(n).
-5
Let h(y) = -2*y + 1. Suppose 3*r - 3*w = 9, w + 6 = r + 3*w. Give h(r).
-7
Suppose 0 = 5*d - 22 + 7. Let q(a) = -d + 0*a - 2*a + 3. Give q(-3).
6
Let w(n) = n**2 + 4*n. Suppose -4*a - 18 = -6. Let u be w(a). Let b(k) = -k**2 - 2*k - 1. Determine b(u).
-4
Let q(x) be the first derivative of x**3/3 - 4*x**2 + 9*x - 14. Determine q(6).
-3
Let a(s) = -3 + 3 + 3 - 2 + s**2 + 5*s. Give a(-2).
-5
Let c(q) = 2*q + 1 + 4*q**2 + 4 + 0*q**3 + 4*q - q**3. Give c(5).
10
Let t(u) = -u. Let y(v) = 1. Let l(p) = -10*p + 3. Let k(j) = l(j) - 2*y(j). Let n(h) = k(h) - 4*t(h). Let q = 7 - 8. What is n(q)?
7
Let t(r) = -6 - 1 - 2*r**2 + r**2 - 8*r. Let x be 51/(-12) + 6/(-8). What is t(x)?
8
Let f(h) = 2*h**2 - h + 2. Suppose 3*o + 2*b = 5*b + 6, o = -3*b - 6. Suppose o = -5*s + 5*i + 1 + 9, -4*s + 2*i = -8. Determine f(s).
8
Let q(d) = d**2 + 5*d - 1. Let x(c) = -2*c + 3. Let s be x(-5). Suppose -5*o - s - 7 = 0. What is q(o)?
-5
Let h(j) be the third derivative of -j**6/45 - j**5/60 - j**4/24 - j**3/2 + 3*j**2. Let k(g) be the first derivative of h(g). Give k(-1).
-7
Let l = 13 - 10. Let x(y) = 1 + y - 4*y + 0*y. What is x(l)?
-8
Let o(l) be the third derivative of l**4/24 + 4*l**3/3 - 16*l**2. What is o(0)?
8
Suppose -4*p - 4 = -16. Let v(t) = -1 - 2*t**2 - p*t + 2 + 9*t + 3*t**2. Give v(-4).
-7
Suppose n - 3 = r - 4*r, 0 = 5*n - 4*r + 4. Suppose n = -q - q. Let f(z) = -2 + 153*z**2 + z + z**3 + 2 + 7 - 154*z**2. Calculate f(q).
7
Let u(z) = -z + 4. Suppose -5*i - 2 = k - 18, -4 = -2*i. What is u(k)?
-2
Let i(h) = 1 + 4*h**3 + 2 - h - 2. Let k be 2*4*4/32. Suppose -5*q + 2*o = 4 + k, -5*o + 24 = -q. Give i(q).
4
Let k(c) be the third derivative of 1/12*c**4 + 0*c - 2*c**2 + 0 - 1/30*c**5 + 1/6*c**3. What is k(2)?
-3
Let a(h) = 3*h**2 + 12*h - 8. Let u(g) = -13*g**2 - 49*g + 33. Let r(d) = -9*a(d) - 2*u(d). Calculate r(-10).
6
Let u(g) = -g**3 + 4*g**2 + 4*g - 4. Let m(x) be the first derivative of -x**4/4 + x**2/2 - x - 1. Let q(k) = -2*m(k) + u(k). Determine q(-2).
2
Suppose 4*o + 1 = 5*o. Let y(q) = 26*q**2 - q + 1. Give y(o).
26
Let k(i) = -5 + 4*i + 11*i - 3*i - i**2 - 3*i. Determine k(9).
-5
Let m(t) = -t**3 + 6*t - 11*t + 8*t**2 - 2*t - 6. Calculate m(7).
-6
Suppose 5*j = j + 5*z + 23, 5*j + 4*z = -2. Let u(v) = 4 + j*v - 4. Determine u(3).